+ 123 = 0, 0 = -i*o + 3*o - 4*g + 201. What are the prime factors of o?
37
List the prime factors of (23/4 + -8)/((-3)/56).
2, 3, 7
Suppose -3*t + u + u = -798, t = -u + 261. List the prime factors of t.
2, 3, 11
Let w(b) = -3*b - 3. List the prime factors of w(-7).
2, 3
Let p(j) = -4 + 4 + 1 - 9*j. Let a be p(-1). Suppose 2*d - 2*k = 14 + a, -d + 4*k + 15 = 0. What are the prime factors of d?
11
Let n be 2/(-3) + (-17)/(-3). Suppose 5*k = -4*b + 10, -n*b + 5 = -5*k - 30. List the prime factors of b.
5
Let k(t) = 4*t**3 - t**2 - 4*t + 6. Let r(g) = 11*g**3 - 2*g**2 - 12*g + 17. Let p(w) = -8*k(w) + 3*r(w). What are the prime factors of p(3)?
2, 3
Let k(b) = 6*b - 1. Let i be k(1). Suppose 0 = 4*r - 7 - i. Let p(y) = -y**3 + 4*y**2 - 3*y + 2. List the prime factors of p(r).
2
Suppose 2 = -d - 3*c + 2*c, -2*d = 4*c + 14. What are the prime factors of d?
3
Suppose 0 = 4*f + 2 - 14. Let t = 45 + -25. Suppose -i - f*i = -t. List the prime factors of i.
5
Let c be (-2)/8 - 15/(-12). Let o = c + 7. What are the prime factors of o?
2
Let t(d) = -11*d + 1. List the prime factors of t(-6).
67
Let g(q) = -11*q**2 + q. Let y be g(1). Let l be y/45 - 248/18. List the prime factors of (-4)/14 + (-102)/l.
7
Suppose 0 = -h + 5*h + 3*t - 14, 3*t + 21 = 3*h. Suppose 2*j + 8 + 2 = 0, 0 = -h*m + 3*j + 50. List the prime factors of m.
7
Let i(g) = 14*g + 6. Let y(p) = -5*p - 2. Let o(x) = 6*i(x) + 17*y(x). List the prime factors of o(-11).
13
Let s be 3/(-2)*(-868)/21. What are the prime factors of (s/3)/((-18)/(-27))?
31
Let z = -12 + 18. Let o = 18 - z. List the prime factors of o.
2, 3
Let x(p) = 4 - 3 + 3 - 5 + 6*p. Let b = -2 - -5. What are the prime factors of x(b)?
17
What are the prime factors of (-5 - 13)/(3/(-32))?
2, 3
Suppose -6 = 2*a, 6*k - 84 = 2*k + 4*a. Suppose -4*p = -p - 6. Suppose t - p*t = -k. What are the prime factors of t?
2, 3
Let r(s) = -11*s + 69. What are the prime factors of r(-16)?
5, 7
Suppose -87 = -3*t + 2*t. What are the prime factors of t?
3, 29
Suppose 137 = 4*x + 2*q - 5*q, 2*x = -2*q + 58. Let o = x - 5. Suppose 3*i = 4*z + o, 5*i = -0*i + z + 45. What are the prime factors of i?
3
Let v(g) = g - 5. Let y be v(7). Let r = y + 1. List the prime factors of r.
3
Let r(o) = o + 5. List the prime factors of r(0).
5
What are the prime factors of ((-41)/(-5))/(7/35)?
41
Suppose 5*n = 165 + 145. List the prime factors of n.
2, 31
Let b(c) = 3*c**2 + 5*c**3 + 1 + 3*c**3 - 4*c**2. Let k be b(1). Let m(t) = -t**2 + 9*t - 5. List the prime factors of m(k).
3
Let x(s) = s + 42. What are the prime factors of x(12)?
2, 3
Let l = 34 + -23. List the prime factors of l.
11
Suppose 4*q + 52 = 4*g, 2 = -0*g - g - 2*q. List the prime factors of g.
2
Let u = -12 - -17. What are the prime factors of (-1 - -4 - 2)*u?
5
Suppose 3 = -3*x + 9. Let i be (1*-1)/((-1)/43). Suppose -i + 11 = -x*q - 4*a, -5*a = -20. List the prime factors of q.
2
Suppose -o + 157 = 5*m - 534, 4*o = m - 155. What are the prime factors of m?
139
Let l be (-1)/(-1 - 2/(-4)). Suppose 4*u - 8*u - w + 13 = 0, l*u = -4*w - 4. List the prime factors of u.
2
Let n(u) = u - 2. Let d be n(4). Suppose 5*m - 15 = 2*h, d*m = -4*h - 0*m + 30. What are the prime factors of h?
5
Let r(x) = x + 6. Let a be r(-3). Suppose 0 = -m - 2 - a. Let o = 10 + m. List the prime factors of o.
5
Let g be (9/15 + -1)*-15. Suppose -3*p - 3*z + 9 = -g, 3*p + 4*z - 15 = 0. Suppose 15 = p*m - 20. List the prime factors of m.
7
Let a(t) = -t**2 - 7*t + 10. Let x be a(-8). Suppose 4*h = -4*n + 76, -6*h + 72 = -x*h + 5*n. Let v = 32 - h. What are the prime factors of v?
3
Let a be (-2)/(-4)*10*1. Let u = 32 - -4. Suppose -a*m + 61 = -j + 16, 4*m - j = u. List the prime factors of m.
3
Let d = 5 + -10. Let a(l) = l**3 + 4*l**2 - 6*l + 1. What are the prime factors of a(d)?
2, 3
Let c(a) = 81*a**2 + 1. What are the prime factors of c(2)?
5, 13
Let w = -19 - -45. Suppose 0*m - 2*m = -w. List the prime factors of m.
13
Let d(a) = -a**3 + a**2 - 1. Let t be d(1). Let y be t + -1 + 12/2. Suppose 2*n - c - 51 = -2*n, -12 = y*c. What are the prime factors of n?
2, 3
Suppose g = -2*g + 3. What are the prime factors of g*12 + 3 + -3?
2, 3
Suppose 3*b = -22 + 118. Suppose -c - b = -5*m - 4*c, -3*m - 3*c = -24. List the prime factors of -40*(0 + (-2)/m).
2, 5
Let k(q) be the first derivative of -6*q + 1 + 3/2*q**2. What are the prime factors of k(4)?
2, 3
Let t = 4 - 7. Let j(i) = -4*i**2 + i. Let r be j(-1). Let y = t - r. List the prime factors of y.
2
List the prime factors of (2 - -2) + 43 + 3.
2, 5
Let p(w) = w - 9*w + 1 + 2*w**2 - w. Let c be p(6). Let u = c - 10. List the prime factors of u.
3
List the prime factors of 26/39 + (-49)/(-3).
17
Suppose 4*h - 616 - 88 = 0. What are the prime factors of h?
2, 11
Let g(a) = 7 + 0*a**2 + 3*a - 4*a**2 - 3*a**3 + a + 2*a**3. What are the prime factors of g(-5)?
2, 3
Let n(l) = -l**3 + 2*l + 1. Let c be 2 - (-2 - 2) - 0. Suppose -4*q - c = 2. List the prime factors of n(q).
5
Suppose 5*z + 117 = 2*b, -3*b - z = b - 179. What are the prime factors of b?
2, 23
Suppose 49 = -5*d - 5*z + 14, -3 = -3*d + 5*z. Let n = -6 + d. Let v = -4 - n. List the prime factors of v.
2, 3
Let f be (-6 + 2)*(2 + -3). Let p(o) = f*o + 5*o - 6*o - 5*o + 2*o**2 - 1. What are the prime factors of p(2)?
3
Suppose 0 = i + 24 - 59. What are the prime factors of i?
5, 7
Let v be (-1)/1*2/2. Let x be -1 + (-3 + 0)*-3. Let z = x + v. What are the prime factors of z?
7
Let r(m) = -m - 2. Let j be r(0). List the prime factors of 7 - (1 - (1 - j)).
3
Let i(s) = -s**2 + 5*s - 2. Let k be i(4). Suppose k*q = 2*j + 4*q - 6, 5*j = 4*q + 24. Suppose u = -0*u + j. List the prime factors of u.
2
Let t = -6 - -10. Let w be ((-4)/(-6))/(4/18). Suppose -w*c - y + 29 = 0, -y + 0 = t. What are the prime factors of c?
11
Let b be 2/6 + 46/(-3). Suppose 2*x - 2*f - 4 = -4*f, -5*f = 2*x + 2. List the prime factors of x/8 + b/(-2).
2
Let x(f) = -3*f - 1. Suppose -2 = 2*r - r. Let t be x(r). Suppose -t*w + 66 = 6. List the prime factors of w.
2, 3
Suppose l = 54 + 58. List the prime factors of l.
2, 7
Let c = -152 - -418. List the prime factors of c.
2, 7, 19
What are the prime factors of (-2)/((-240)/117 + 2)?
3, 13
Suppose -15*x = -19*x + 368. List the prime factors of x.
2, 23
Let c = -80 + 140. Let f = c + -43. List the prime factors of f.
17
Let a(z) = z - 1. Let q be a(4). Suppose q*w + 4*i - 39 = 0, 4*w - w = 4*i + 39. What are the prime factors of w + (-3)/(-1) + -2?
2, 7
Suppose -4*h + 35 = 5*b, b - 23 = -2*h - 2*h. Suppose -3*z + 42 = b. What are the prime factors of z?
13
Suppose -5*u + 4*p = 2*p - 510, -125 = -u + 5*p. What are the prime factors of u?
2, 5
Suppose -21*b = -31*b + 2290. What are the prime factors of b?
229
Let k be 4/6 + 28/12. List the prime factors of 34/4 - k/6.
2
Let s be (-88)/(-6) - 2/3. Let a = s + -3. What are the prime factors of a?
11
Let z(f) = -2*f**3 + 7*f**2 + f - 1. Let o be z(-4). Suppose -4*r = -4*c + c - 188, 0 = -5*r + 3*c + o. What are the prime factors of r?
47
Let v = 24 + 19. What are the prime factors of v?
43
Let c(u) = -u**3 + 10*u**2 + 5*u + 1. Let l be c(11). Let d = -39 - l. List the prime factors of d.
2, 13
Suppose -5*j = -3*j + 3*r - 24, -3*r = -j + 30. List the prime factors of j.
2, 3
List the prime factors of 4 + (5 + -1)/1.
2
Let o(c) = c**3 + c**2 - 5*c + 8. List the prime factors of o(4).
2, 17
Let d be 2/(-4)*0/4. Suppose d = -4*r + 9*r - 55. What are the prime factors of r?
11
Suppose 5*w + 0*w - 34 = -m, -2*w = 0. List the prime factors of m.
2, 17
Suppose 0 = 6*l - 2*l. What are the prime factors of 2 - -1 - (l - 2)?
5
Suppose 3 - 1 = 2*c. Let v = c + 1. What are the prime factors of v?
2
Let s(l) = 4*l**3 - 11*l**2 - 10*l + 1. Let y(h) = 7*h**3 - 21*h**2 - 20*h + 2. Let o(i) = 5*s(i) - 3*y(i). List the prime factors of o(9).
2
Suppose -6*r + 69 = -1167. List the prime factors of r.
2, 103
Let s = 80 + 2. What are the prime factors of s?
2, 41
Let f = -38 - -127. List the prime factors of f.
89
Let s(t) = t + 6. Let f be s(-5). Suppose -5 + f = -2*l. Suppose -8 = 2*d, -28 = -4*h - l*d - 3*d. What are the prime factors of h?
2, 3
Let z be (-3)/(-6) + 3/2. Suppose -z*n = 2*n - 60. List the prime factors of n.
3, 5
Let q be 3/(-6)*-3*-12. Let l = q - -11. Le